3
Let s(u) = -2*u**2 - 6*u. What is s(-3)?
0
Let m(g) = -8*g + 3. Determine m(2).
-13
Let n(c) = -5*c + 27. What is n(9)?
-18
Let u(b) = -2*b + 42. Calculate u(18).
6
Let q(f) = f**2 - 4*f - 6. What is q(-3)?
15
Let x(t) = t**3 + 11*t**2 + 2*t + 173. Calculate x(-12).
5
Let c(x) = -x**2 - 4*x - 6. What is c(-4)?
-6
Let c(g) = g**2 - 17*g + 49. Determine c(14).
7
Let f(b) = 11*b - 3. Calculate f(-1).
-14
Let y(p) = -14*p + 4. Calculate y(2).
-24
Let a(y) = y**3 + 6*y**2 + 3*y + 1. What is a(-6)?
-17
Let r(n) = -3*n - 39. What is r(8)?
-63
Let d(s) = -s**3 + s**2 - 20*s - 33. Determine d(0).
-33
Let f(y) = 2*y + 16. Determine f(0).
16
Let t(m) = m**2 + 6*m - 6. Calculate t(-6).
-6
Let g(o) = 10*o**2 + 9*o + 5. Give g(-3).
68
Let r(y) = y**2 - y - 23. Give r(6).
7
Let f(a) = -a + 40. Calculate f(-7).
47
Let r(c) = c**3 + 13*c**2 - 30*c - 22. Calculate r(-15).
-22
Let h(q) = q**2 + 3*q + 9. Determine h(-4).
13
Let p(b) = -16*b + 2. Give p(1).
-14
Let d(c) = c**3 - c**2 + 3*c - 35. Calculate d(0).
-35
Let x(o) = -8*o + 380. Give x(47).
4
Let x(h) = -74*h + 1103. Determine x(15).
-7
Let a(o) = -o**3 + 2*o**2 - o + 5. Give a(0).
5
Let s(l) = -l**3 + 5*l**2 + 10*l - 10. Give s(5).
40
Let w(r) = -r**2 - 13*r - 6. What is w(-8)?
34
Let c(s) = s - 3. What is c(0)?
-3
Let f(l) = -17*l**2 - l. Calculate f(-1).
-16
Let k(g) = -9*g + 10. Calculate k(-1).
19
Let n(a) = -12*a**2 - 10*a - 10. Calculate n(-1).
-12
Let i(h) = -h**3 + 6*h**2 - 4*h + 6. Determine i(4).
22
Let x(r) = r**3 + 43*r**2 + 120*r + 5. Calculate x(-40).
5
Let m(x) = 8*x + 125. What is m(-16)?
-3
Let t(d) = 3*d**3 + d**2 - 2*d + 2. Calculate t(1).
4
Let p(f) = -f**2 - 31*f - 133. What is p(-26)?
-3
Let y(u) = u**2 + 10*u + 15. Calculate y(-10).
15
Let c(d) = 10*d - 18. Calculate c(2).
2
Let t(m) = -3*m - 13. What is t(-6)?
5
Let y(b) = -b**3 - 6*b**2 + 4*b - 27. Calculate y(-7).
-6
Let i(m) = m - 11. Calculate i(21).
10
Let y(p) = 2*p**3 - 87*p**2 + 41*p + 92. Calculate y(43).
6
Let f(l) = -l**2 + l - 4. Determine f(3).
-10
Let q(j) = j**2 - 33. What is q(6)?
3
Let s(i) = 2*i - 9. Determine s(-9).
-27
Let c(h) = -22*h + 419. What is c(19)?
1
Let o(s) = s**3 + 9*s**2 + 9*s + 7. Calculate o(-6).
61
Let l(n) = 3*n**2 - n. Determine l(-4).
52
Let p(z) = 6*z**3 + 38*z**2 + 16*z + 16. Determine p(-6).
-8
Let k(l) = l**3 + 6*l**2 - 56*l - 13. Determine k(-11).
-2
Let i(v) = -v**3 + 8*v**2 - 10*v + 4. Calculate i(4).
28
Let b(f) = -8*f**2 + 96*f - 1. Calculate b(12).
-1
Let u(t) = -21*t - 85. Calculate u(-4).
-1
Let f(n) = -13*n + 2. Determine f(-1).
15
Let i(w) = 2*w**3 - 3*w**2 - 5*w - 7. Give i(5).
143
Let p(x) = x**3 + 8*x**2 + 5*x - 27. Determine p(-7).
-13
Let b(s) = -s**3 + 21*s**2 - 19*s + 7. Determine b(20).
27
Let w(q) = q**3 - 4*q**2 - 7*q + 7. Determine w(5).
-3
Let c(d) = -d**2 - 29*d - 82. Give c(-26).
-4
Let c(v) = v**3 - 7*v**2 + 4*v - 16. What is c(7)?
12
Let x(f) = 2*f**2 - 44*f + 48. Calculate x(21).
6
Let n(o) = -o - 13. Calculate n(3).
-16
Let z(r) = r**2 + 6*r + 4. Calculate z(-3).
-5
Let v(a) = a**3 - 11*a**2 - 6*a - 18. Calculate v(11).
-84
Let f(x) = x**3 + 7*x**2 - 4*x - 3. Give f(-8).
-35
Let f(n) = -n**3 - 5*n**2 - 3*n - 9. Calculate f(-6).
45
Let l(f) = -f**2 + 8*f + 7. What is l(8)?
7
Let o(j) = j**2 + 9*j + 22. Give o(-8).
14
Let v(i) = i**2 + 7*i - 4. Calculate v(-9).
14
Let q(d) = -2*d - 22. Calculate q(-12).
2
Let v(u) = -u**2 - 5*u + 2. Give v(6).
-64
Let g(x) = x**3 - 2*x**2 + 2*x - 10. Calculate g(0).
-10
Let x(d) = -d**3 - 29*d**2 - 23*d + 151. What is x(-28)?
11
Let q(n) = -4*n**3 - n - 1. Calculate q(-1).
4
Let a(w) = -w**2 + 9*w - 12. Give a(8).
-4
Let i(l) = -l**2 + 16*l + 7. What is i(15)?
22
Let b(u) = -u - 6. What is b(0)?
-6
Let u(k) = k**3 - 23*k**2 - 6*k + 112. Give u(23).
-26
Let i(z) = 16*z**2 - 7*z + 4. Give i(3).
127
Let u(g) = -3*g - 74. Give u(-21).
-11
Let v(z) = -z**2 + 30*z + 43. Give v(31).
12
Let x(f) = f**2 + 27*f - 123. What is x(4)?
1
Let a(f) = -f**3 + 8*f**2 + 13*f + 9. Give a(10).
-61
Let z(i) = 12*i**3 - 17*i + 16. Determine z(1).
11
Let v(y) = -y**2 + 13*y - 16. What is v(8)?
24
Let q(b) = -b**2 - 11*b - 1. Determine q(-10).
9
Let g(w) = -w - 5. Give g(-5).
0
Let m(k) = -6*k + 19. Calculate m(14).
-65
Let p(s) = -s**3 - 7*s**2 - s - 8. Give p(-7).
-1
Let n(b) = 10*b - 61. Calculate n(7).
9
Let f(y) = y**3 - 5*y**2 - 4*y + 7. Determine f(5).
-13
Let q(c) = 9*c**2 - 3*c - 9. Determine q(4).
123
Let g(d) = -2*d - 28. Determine g(-16).
4
Let u(v) = 2*v + 2. Give u(6).
14
Let o(c) = c**3 - 9*c**2 + c - 3. Determine o(9).
6
Let j(t) = -2*t + 22. What is j(2)?
18
Let o(u) = u**3 - 6*u**2 - 5*u + 6. What is o(6)?
-24
Let l(x) = -x**3 - 3*x**2 + 4*x + 5. Give l(-4).
5
Let a(t) = t**2 + 23*t + 21. Give a(-22).
-1
Let s(g) = g**2 - 3*g + 9. Calculate s(4).
13
Let m(r) = 50*r + 185. Give m(-4).
-15
Let c(m) = -2*m**3 - 7*m**2 - 9*m - 17. What is c(-3)?
1
Let h(r) = -r**3 + 23*r**2 - 7*r + 167. Calculate h(23).
6
Let m(f) = f**2 + 8*f - 42. Calculate m(-12).
6
Let q(n) = 27*n**3 + n**2 - 2*n + 1. Calculate q(1).
27
Let d(f) = -f**3 - 7*f**2 + 8*f + 16. Determine d(-7).
-40
Let u(c) = 27*c - 207. Determine u(8).
9
Let b(m) = -9*m - 1. Determine b(-6).
53
Let p(x) = -9*x. Determine p(-2).
18
Let z(o) = -o**3 + 14*o**2 - 26*o + 37. What is z(12)?
13
Let c(h) = -h**2 + h - 2. What is c(-5)?
-32
Let j(n) = -n**2 - 7*n + 14. Calculate j(-9).
-4
Let z(b) = b**2 - 4*b - 3. Give z(5).
2
Let d(x) = x**3 - 16*x**2 + 63*x - 3. Give d(8).
-11
Let v(a) = a**2 + 66*a + 866. What is v(-48)?
2
Let k(i) = 10*i**2 + 2. Give k(-2).
42
Let z(m) = 2*m**2 - 3*m - 7. Give z(-3).
20
Let g(t) = 18*t + 12. Determine g(-1).
-6
Let j(v) = -5*v + 1. Give j(6).
-29
Let g(b) = 114*b + 1. What is g(-1)?
-113
Let j(m) = -26*m + 149. Calculate j(6).
-7
Let l(t) = -t**3 - 19*t**2 - 16*t + 3. Calculate l(-18).
-33
Let g(n) = n**3 - n**2 - 6*n + 8. Determine g(4).
32
Let h(j) = j**2 + j + 1. Give h(-2).
3
Let h(s) = 3*s**2 + 20*s + 18. Give h(-4).
-14
Let v(b) = 9*b - 208. Give v(22).
-10
Let o(z) = 3*z**3 + 23*z**2 - 15*z - 58. Calculate o(-8).
-2
Let s(x) = x**2 - 2*x + 8. What is s(0)?
8
Let h(o) = -o**3 + o**2 + 2*o - 2. Calculate h(-3).
28
Let k(g) = g**2 + 20*g + 16. What is k(-19)?
-3
Let q(f) = -19*f + 25. Calculate q(7).
-108
Let o(q) = 5*q + 12. What is o(-7)?
-23
Let r(a) = -a - 12. Calculate r(-7).
-5
Let s(h) = -h**2 + 8*h - 10. Determine s(4).
6
Let m(x) = -2*x - 28. What is m(-12)?
-4
Let o(x) = -3*x - 12. Give o(-7).
9
Let f(w) = 4*w - 3. Give f(-2).
-11
Let p(q) = 60*q + 132. Calculate p(-2).
12
Let w(u) = -u**3 + 19*u**2 + 99*u - 156. What is w(23)?
5
Let m(o) = o**2 + 7*o - 13. Determine m(-9).
5
Let y(f) = 6*f - 82. Calculate y(5).
-52
Let h(w) = 13*w - 69. What is h(6)?
9
Let x(c) = 2*c - 7. What is x(4)?
1
Let v(w) = -w**3 - 11*w**2 + 12*w + 4. Calculate v(-12).
4
Let o(j) = 8*j + 2. Give o(4).
34
Let x(u) = -2*u**2 + 2*u - 2. Give x(2).
-6
Let z(m) = -16*m - 2. What is z(2)?
-34
Let r(c) = -3*c**3 + c**2 - 2*c + 2. Determine r(1).
-2
Let t(z) = 72*z**3 + z**2 + 3*z - 4. Calculate t(1).
72
Let f(u) = u**3 + 5*u**2 - 5*u + 10. Determine f(-5).
35
Let u(j) = -j**3 - 3*j**2 + 9*j + 33. What is u(-5)?
38
Let n(r) = 74*r**2 + 6*r + 6. Give n(-1).
74
Let d(n) = -4*n**2 - 4*n + 5. Calculate d(-4).
-43
Let n(o) = 8*o**2 - 9*o - 6. Calculate n(-1).
11
Let b(p) = p**3 - 9*p**2 - 12*p + 2. Determine b(10).
-18
Let z(t) = -t - 2. Determine z(-4).
2
Let b(k) = -2*k - 6. Calculate b(6).
-18
Let f(q) = -23*q - 156. Determine f(-7).
5
Let q(n) = 2*n**3 - 4*n**2 + 3*n - 3. Calculate q(3).
24
Let w(y) = 9*y + 1. Calculate w(-4).
-35
Let n(g) = -g**3 + 9*g**2 - 10*g - 1. Calculate n(7).
27
Let k(j) = -j + 23. Calculate k(11).
12
Let l(g) = -3*g - 24. Give l(-14).
18
Let o(y) = -y**2 - 3*y - 8. Calculate o(-7).
-36
Let c(l) = -2*l + 2. Calculate c(-9).
20
Let j(b) = -3*b + 16. What is j(5)?
1
Let g(t) = 2*t**2 - 4*t + 4. Determine g(-3).
34
Let f(u) = -u - 18. What is f(-8)?
-10
Let k(o) = 5*o - 16. Calculate k(4).
4
Let g(q) = -q**3 - 4*q**2 + 15*q - 11. Determine g(-7).
31
Let j(z) = z**3 - 20*z**2 - z + 6. Determine j(20).
-14
Let x(w) = -4*w**3 + 6*w + 15. What is x(-2)?
35
Let x(d) = d**3 - 12*d**2 + d - 13. Give x(12).
-1
Let b(i) = 5*i - 54. Determine b(11).
1
Let o(h) 